
--
-- Table structure for table `webform`
--

CREATE TABLE `webform` (
  `webform_id` varchar(32) NOT NULL COMMENT 'The webform id.',
  `next_serial` int(10) unsigned NOT NULL DEFAULT '1' COMMENT 'The serial number to give to the next submission to this webform.',
  PRIMARY KEY (`webform_id`,`next_serial`)
) ENGINE=InnoDB DEFAULT CHARSET=utf8mb4 COMMENT='Stores all webform data.';

--
-- Dumping data for table `webform`
--

INSERT INTO `webform` VALUES ('candidature_spontanee',26),('contact',26);

--
-- Table structure for table `webform_submission`
--

CREATE TABLE `webform_submission` (
  `sid` int(11) NOT NULL AUTO_INCREMENT,
  `webform_id` varchar(32) CHARACTER SET ascii NOT NULL COMMENT 'The ID of the target entity.',
  `uuid` varchar(128) CHARACTER SET ascii NOT NULL,
  `langcode` varchar(12) CHARACTER SET ascii NOT NULL,
  `serial` int(11) DEFAULT NULL,
  `token` varchar(255) DEFAULT NULL,
  `uri` varchar(2000) DEFAULT NULL,
  `created` int(11) DEFAULT NULL,
  `completed` int(11) DEFAULT NULL,
  `changed` int(11) DEFAULT NULL,
  `in_draft` tinyint(4) DEFAULT NULL,
  `current_page` varchar(128) DEFAULT NULL,
  `remote_addr` varchar(128) DEFAULT NULL,
  `uid` int(10) unsigned DEFAULT NULL COMMENT 'The ID of the target entity.',
  `entity_type` varchar(32) CHARACTER SET ascii DEFAULT NULL,
  `entity_id` varchar(255) DEFAULT NULL,
  `locked` tinyint(4) DEFAULT NULL,
  `sticky` tinyint(4) DEFAULT NULL,
  `notes` longtext,
  PRIMARY KEY (`sid`),
  UNIQUE KEY `webform_submission_field__uuid__value` (`uuid`),
  KEY `webform_submission_field__webform_id__target_id` (`webform_id`),
  KEY `webform_submission_field__uid__target_id` (`uid`),
  KEY `webform_submission__token` (`token`(191))
) ENGINE=InnoDB AUTO_INCREMENT=51 DEFAULT CHARSET=utf8mb4 COMMENT='The base table for webform_submission entities.';

--
-- Dumping data for table `webform_submission`
--

INSERT INTO `webform_submission` VALUES (9,'contact','0a3a6da7-9239-4561-943f-f67cfe2dae20','fr',8,'b_iYl7NPFOrripUC1qcEhIaWBmCX5IjfRjjrjhYuCP4','/contact',1576774096,1576774096,1576774096,0,NULL,'217.147.197.223',0,'node','10',0,0,NULL),(10,'contact','4979110e-9653-4bdf-8149-c1d33b668b29','fr',9,'qKqyyH8gxzl5pDBdRml0Qq6b7ydBLO2F-jMV1AaozBM','/contact',1576774140,1576774140,1576774140,0,NULL,'217.147.197.223',0,'node','10',0,0,NULL),(11,'candidature_spontanee','a91373e4-2d41-4559-97f5-4ece67ee8d59','fr',2,'To-yFuQzCEuXbYkeDq8H4HClVd79fV9MQVk_zoyfQ5s','/recrutement/responsable-qualite',1576836891,1576836891,1576836891,0,NULL,'217.147.197.223',1,'node','13',0,0,NULL),(12,'candidature_spontanee','a9bd9086-091d-4afd-9d3d-721dc0028605','fr',3,'jiFn2z4KtSk6OdRPaLJeKPqf2vd6HPsBpbEqV1DYWrc','/recrutement/responsable-qualite',1576836908,1576836915,1576836915,0,NULL,'217.147.197.223',1,'node','13',0,0,NULL),(13,'candidature_spontanee','313fd2af-9401-4abd-bfdd-eb57fe54cc73','fr',4,'qbNw7Wngx3kFNGVxuily3QH4TCthVtUwpHWMDrfCnlc','/recrutement/responsable-qualite',1576837053,1576837053,1576837053,0,NULL,'217.147.197.223',1,'node','13',0,0,NULL),(14,'candidature_spontanee','26c23475-033d-4fd9-a17a-0ec9a88149e9','fr',5,'_yO3_jc6vriQVWHzAfX8Uav2uadWnHCMxid8cscbuik','/recrutement/responsable-qualite',1576837062,1576837067,1576837067,0,NULL,'217.147.197.223',1,'node','13',0,0,NULL),(15,'candidature_spontanee','7aabdeeb-6ae1-4bc3-a585-1645261dd22f','fr',6,'fZb5zp_SdX7QXkgRQd-MS2iYeAVHQSYAseUfotUQd-k','/recrutement/responsable-qualite',1576837180,1576837187,1576837187,0,NULL,'217.147.197.223',1,'node','13',0,0,NULL),(16,'candidature_spontanee','8b12d7d4-4a8d-4e30-be05-cd9f55036587','fr',7,'Dpl3aQ0Hg70f2n2ZgY6rfUMJdLBt2LdR-XxGFjycS58','/recrutement/responsable-qualite',1576839638,1576839653,1576839653,0,NULL,'217.147.197.223',0,'node','13',0,0,NULL),(17,'candidature_spontanee','8edcad79-60c0-4bb1-ad88-6218e4388219','fr',8,'mGYjEjFuard_K94en8t1reuyu0Gpz9v6q7hDQXpfATs','/recrutement/responsable-qualite',1576840068,1576840082,1576840082,0,NULL,'217.147.197.223',0,'node','13',0,0,NULL),(18,'candidature_spontanee','e1fe3f8d-00b2-4198-9944-3570dffea1b8','fr',9,'VKUNxpV5mNcyNzpm9beHC6le5BoWKciiruxHhRw2_0o','/recrutement/responsable-qualite',1576840111,1576840115,1576840115,0,NULL,'217.147.197.223',0,'node','13',0,0,NULL),(19,'candidature_spontanee','f0649415-e5eb-4896-b14e-2fb3ccf98e93','fr',10,'RptqtUE-l7bPteNU5wOVRNKIGfgKXDSQaCy2UPD9U_A','/recrutement/responsable-qualite',1576846920,1576846926,1576846926,0,NULL,'217.147.197.223',1,'node','13',0,0,NULL),(20,'candidature_spontanee','81a2bfbf-0654-4e81-8e14-70bfc611b75b','fr',11,'j7MI3y9at9nmvdqLNO0Sr7oRzRXla3smzA4RUeQuxGY','/recrutement/responsable-qualite',1576847133,1576847138,1576847138,0,NULL,'217.147.197.223',1,'node','13',0,0,NULL),(21,'contact','2c1b7dc4-103d-4f08-86a1-6ac230ce7e64','fr',10,'yrcS8Hizah_cv8NUVH8Dee9xsmnXW4TxT1gDzJzMieQ','/contact',1578396018,1578396018,1578396018,0,NULL,'217.147.197.223',1,'node','10',0,0,NULL),(22,'contact','ac3ba338-1bb5-45d7-96e7-c7a7ce3012bd','fr',11,'yj078d3YKpLBVNDks-TaVLW7m203k-qxXgV7vZQkJhw','/contact',1578402212,1578402212,1578402212,0,NULL,'217.147.197.223',1,'node','10',0,0,NULL),(23,'contact','1d47fd8d-7236-4061-b2da-d81fd23ca746','fr',12,'KX07RoAZjs8I1GtKWwCazROk-DzSKWcnEVtms-ix-dY','/contact',1578480416,1578480416,1578480416,0,NULL,'217.147.197.223',1,'node','10',0,0,NULL),(24,'contact','558942d4-998e-49cf-9555-e3c46599204e','fr',13,'-9V_CFnK5BYHw49ooSbZWOZhrHuYBq7yU3mLfpC09Wk','/contact',1578480542,1578480542,1578480542,0,NULL,'217.147.197.223',1,'node','10',0,0,NULL),(25,'contact','67106a31-e559-4c55-8b11-0273cfba9721','fr',14,'fbviuQlyNPmGhND8aoLz2PHwA-kUmUQAoW8EeR3FSyA','/contact',1578480601,1578480601,1578480601,0,NULL,'217.147.197.223',1,'node','10',0,0,NULL),(26,'contact','25ad6aba-a2ac-4118-8fe8-0fc69a5fe5ee','fr',15,'J_AGdNYiEdTvA5LT5OZA-ogU6s6bYzgAoBNkd2_zRZc','/contact',1578481033,1578481033,1578481033,0,NULL,'217.147.197.223',1,'node','10',0,0,NULL),(27,'contact','3fe742d5-b5d1-4920-bfaf-3bf5f3d6a644','fr',16,'PK_3O95Rl5cMttX-14jeAlzfuKB_kHvpPNCSQgyChaY','/contact',1578481152,1578481152,1578481152,0,NULL,'217.147.197.223',1,'node','10',0,0,NULL),(28,'contact','def5b2fb-8f7a-46c8-ad74-3dc04e6d832c','fr',17,'MQaU3_6A64ytCqJ2GdLhU2ohuppVauvJHCyrlA8xRUc','/contact',1578583689,1578583689,1578583689,0,NULL,'217.147.197.223',1,'node','10',0,0,NULL),(29,'contact','7dc56674-3559-47fa-8314-cdcc2e41a5de','fr',18,'3FLQYY73T9bDYS8A-bWIG_ikYqeKSeWqU8qw8X7emf8','/contact',1578668049,1578668049,1578668049,0,NULL,'217.147.197.223',1,'node','10',0,0,NULL),(30,'contact','b192b58a-afcf-4482-974e-13a6f0ca1409','fr',19,'fl-JYEgRCA_PJJFtJ2QqAVM1NsPnhErJDkGsT4Yir1o','/contact',1578669785,1578669785,1578669785,0,NULL,'217.147.197.223',1,'node','10',0,0,NULL),(31,'contact','1190d2dc-1a07-4ff8-a00f-2760f2bbb7b3','fr',20,'4XSeGQwj9xlZvA1k2zIu3w6q_mncIwJma_okYE_7Xxg','/contact',1578669815,1578669815,1578669815,0,NULL,'217.147.197.223',1,'node','10',0,0,NULL),(32,'contact','fb54f57e-9c8a-4909-bbb6-99bc6eb141a6','fr',21,'oVvOYNSgVSnUi0VWP1tBwT0ABT9V2G6KRFBb9EgPZs4','/contact',1578669920,1578669920,1578669920,0,NULL,'217.147.197.223',1,'node','10',0,0,NULL),(33,'contact','32461a5c-0cff-471c-9d1c-7216ea3ba143','fr',22,'i-ifnt_gAA0-9MGsBwyY9MAUkJwqGQCQ4Jb_niK8C94','/contact',1578670156,1578670156,1578670156,0,NULL,'217.147.197.223',1,'node','10',0,0,NULL),(34,'candidature_spontanee','690b200d-404b-4d36-8f95-96c5d684230d','fr',12,'s_7Td_djoAQ_R-Rr94J3vbeQMBFcLE_JQKysNpz7R-A','/candidature-spontanee',1578670832,1578670849,1578670849,0,NULL,'217.147.197.223',1,'node','30',0,0,NULL),(35,'candidature_spontanee','634b3554-1f3a-4ab6-853b-cc50a497656e','fr',13,'94bznbxtik2yQnDafebsyBy9mqNLjiuUrR3OAAM70BE','/candidature-spontanee',1578672740,1578672760,1578672760,0,NULL,'217.147.197.223',1,'node','30',0,0,NULL),(36,'candidature_spontanee','2c0724ce-006f-480c-9dd6-8d17ac50fc45','fr',14,'ovJ-_pqH2iwBbqG71dFgWXql_s9zAtw5itSL4mR2Lo4','/candidature-spontanee',1578673660,1578673674,1578673674,0,NULL,'217.147.197.223',0,'node','30',0,0,NULL),(37,'candidature_spontanee','c4af2dc2-8bb8-42c0-9356-d31429a768cd','fr',15,'GXdrSkQkxiakgFP_ZpjPXpmXLes03S62hlSpMImfVZY','/recrutement/responsable-qualite',1578908028,1578908041,1578908041,0,NULL,'217.147.197.223',1,'node','13',0,0,NULL),(38,'candidature_spontanee','112e5317-2903-428f-870e-8c0313679160','fr',16,'5xzQFSulDSeXiWZePV7-T8Tczhwfk433xRDbCcWYAbY','/recrutement/responsable-qualite',1578908198,1578908206,1578908206,0,NULL,'217.147.197.223',1,'node','13',0,0,NULL),(39,'candidature_spontanee','d5230a1e-c450-4f92-92b7-0e3001ecb9fa','fr',17,'AlmTmGnEOTTx83H1zhao92MUOgplFWUlDA13m-V7ArE','/recrutement/responsable-qualite',1578935118,1578935127,1578935127,0,NULL,'217.147.197.223',1,'node','13',0,0,NULL),(40,'candidature_spontanee','5e3ddc28-5500-4c4e-a333-5bfb33022415','fr',18,'CfypX1r37hlyxpMgs1FTcIcg1lzIKQsQ63g_BStt64k','/recrutement/responsable-qualite',1578936444,1578936446,1578936446,0,NULL,'217.147.197.223',1,'node','13',0,0,NULL),(41,'candidature_spontanee','69bdc19f-7043-4ff8-a9e6-690e1a40b6d7','fr',19,'9O3OCmAdntqkcy_7f4jsT8RoS_zFF1uNLHb3pwCRL0I','/recrutement/responsable-qualite',1579008094,1579008097,1579008097,0,NULL,'217.147.197.223',1,'node','13',0,0,NULL),(42,'candidature_spontanee','1e71195a-326e-4927-884a-f303f2ccec05','fr',20,'xDYMVYBAxphZ3DjJUiwVZrhhT60h89U0IP4poEQv99U','/recrutement/responsable-qualite',1579008597,1579008599,1579008599,0,NULL,'217.147.197.223',1,'node','13',0,0,NULL),(43,'candidature_spontanee','8bcb84d1-582e-47b2-9e7c-bb1e0e5507ee','fr',21,'DGfQ1GEXfchF73Xrnr42cNHxh6z5mJqAmJtBYQrAX24','/recrutement/responsable-qualite',1579008799,1579008801,1579008801,0,NULL,'217.147.197.223',1,'node','13',0,0,NULL),(44,'candidature_spontanee','865cf220-a1c0-47d6-8a70-596dcfe642e8','fr',22,'PvUAxc7vc6pSadAelYJBjgwn1o-X__XaoxExiQiqaAI','/recrutement/responsable-qualite',1579008890,1579008894,1579008894,0,NULL,'217.147.197.223',1,'node','13',0,0,NULL),(45,'candidature_spontanee','13a4f9f7-3d3e-4324-b27c-b3a69a932727','fr',23,'fZAyTQWre3DNmw0jFc_cQCSSPoDsrrDxTMAgvXhtYds','/recrutement/responsable-qualite',1579010660,1579010666,1579010666,0,NULL,'217.147.197.223',0,'node','13',0,0,NULL),(46,'candidature_spontanee','507d2c7f-c29a-4205-9e7e-bc0a6b4a90a4','fr',24,'PL41DhpJnF8yj1pKMNyioJ6aMzarBAeZHtj9LeOwUT8','/recrutement/responsable-qualite',1579011246,1579011251,1579011251,0,NULL,'217.147.197.223',1,'node','13',0,0,NULL),(47,'contact','f93d1314-ca50-4d32-9f58-de94eaa8ec1a','fr',23,'g2_nqUtBWa90bkMbEZXefMRV2K_mV0tW4WyPFU2E_Ss','/contact',1579013151,1579013151,1579013151,0,NULL,'217.147.197.223',1,'node','10',0,0,NULL),(48,'contact','1e0abe02-2607-4e0a-a5a4-6022f02dd440','fr',24,'qmcuX8g8T6yR0ztyvbfslARN5YZSCHJhjAvZEtpq_Ww','/contact',1579013333,1579013333,1579013333,0,NULL,'217.147.197.223',1,'node','10',0,0,NULL),(49,'candidature_spontanee','92796e72-3e8e-44e6-990f-2ea019a43bb7','fr',25,'PTj5lVXTEUx7bOuqDOtzDvnKjLjFdqdhgD0lqQqvz5o','/candidature-spontanee',1591178711,1591178720,1591178720,0,NULL,'91.171.154.85',25,'node','30',0,0,NULL),(50,'contact','95d38d3b-bf3f-41bd-8ad3-d4974579a8a0','fr',25,'ji19nEvox-yBbsPVvUGWB1M-sXeXdrz_UtjlOBfY128','/contact',1591179045,1591179045,1591179045,0,NULL,'91.171.154.85',25,'node','10',0,0,NULL);

--
-- Table structure for table `webform_submission_data`
--

CREATE TABLE `webform_submission_data` (
  `webform_id` varchar(32) NOT NULL COMMENT 'The webform id.',
  `sid` int(10) unsigned NOT NULL COMMENT 'The unique identifier for this submission.',
  `name` varchar(128) NOT NULL COMMENT 'The name of the element.',
  `property` varchar(128) NOT NULL DEFAULT '' COMMENT 'The property of the element''s value.',
  `delta` int(10) unsigned NOT NULL DEFAULT '0' COMMENT 'The delta of the element''s value.',
  `value` mediumtext NOT NULL COMMENT 'The element''s value.',
  PRIMARY KEY (`sid`,`name`,`property`,`delta`),
  KEY `webform_id` (`webform_id`),
  KEY `sid_webform_id` (`sid`,`webform_id`)
) ENGINE=InnoDB DEFAULT CHARSET=utf8mb4 COMMENT='Stores all submitted data for webform submissions.';

--
-- Dumping data for table `webform_submission_data`
--

INSERT INTO `webform_submission_data` VALUES ('contact',9,'company','',0,'Test'),('contact',9,'email','',0,'fefe@fefee.fr'),('contact',9,'message','',0,'iiii'),('contact',9,'name','',0,'Test'),('contact',9,'recapcha','',0,'true'),('contact',9,'rgpd','',0,'1'),('contact',9,'service','',0,'1'),('contact',9,'tel','',0,'0200000000'),('contact',10,'company','',0,'Test'),('contact',10,'email','',0,'fefe@fefee.fr'),('contact',10,'message','',0,'iiii'),('contact',10,'name','',0,'Test'),('contact',10,'recapcha','',0,'true'),('contact',10,'rgpd','',0,'1'),('contact',10,'service','',0,'1'),('contact',10,'tel','',0,'0200000000'),('candidature_spontanee',11,'cv','',0,''),('candidature_spontanee',11,'email','',0,'mjolivet@gingerminds.fr'),('candidature_spontanee',11,'ldm','',0,''),('candidature_spontanee',11,'name','',0,'Maxime'),('candidature_spontanee',11,'recapcha','',0,'true'),('candidature_spontanee',11,'rgpd','',0,'1'),('candidature_spontanee',11,'surname','',0,'Jolivet'),('candidature_spontanee',12,'cv','',0,'141'),('candidature_spontanee',12,'email','',0,'mjolivet@gingerminds.fr'),('candidature_spontanee',12,'ldm','',0,'142'),('candidature_spontanee',12,'name','',0,'Maxime'),('candidature_spontanee',12,'recapcha','',0,'true'),('candidature_spontanee',12,'rgpd','',0,'1'),('candidature_spontanee',12,'surname','',0,'Jolivet'),('candidature_spontanee',13,'cv','',0,''),('candidature_spontanee',13,'email','',0,'mjolivet@gingerminds.fr'),('candidature_spontanee',13,'ldm','',0,''),('candidature_spontanee',13,'name','',0,'Maxime'),('candidature_spontanee',13,'recapcha','',0,'true'),('candidature_spontanee',13,'rgpd','',0,'1'),('candidature_spontanee',13,'surname','',0,'Jolivet'),('candidature_spontanee',14,'cv','',0,'143'),('candidature_spontanee',14,'email','',0,'mjolivet@gingerminds.fr'),('candidature_spontanee',14,'ldm','',0,'144'),('candidature_spontanee',14,'name','',0,'test ginger'),('candidature_spontanee',14,'recapcha','',0,'true'),('candidature_spontanee',14,'rgpd','',0,'1'),('candidature_spontanee',14,'surname','',0,'ginger'),('candidature_spontanee',15,'cv','',0,'145'),('candidature_spontanee',15,'email','',0,'mjolivet@gingerminds.fr'),('candidature_spontanee',15,'ldm','',0,'146'),('candidature_spontanee',15,'name','',0,'Maxime'),('candidature_spontanee',15,'recapcha','',0,'true'),('candidature_spontanee',15,'rgpd','',0,'1'),('candidature_spontanee',15,'surname','',0,'Jolivet'),('candidature_spontanee',16,'cv','',0,'167'),('candidature_spontanee',16,'email','',0,'mjolivet@gingerminds.fr'),('candidature_spontanee',16,'ldm','',0,'169'),('candidature_spontanee',16,'name','',0,'test'),('candidature_spontanee',16,'recapcha','',0,'true'),('candidature_spontanee',16,'rgpd','',0,'1'),('candidature_spontanee',16,'surname','',0,'test'),('candidature_spontanee',17,'cv','',0,'171'),('candidature_spontanee',17,'email','',0,'mjolivet@gingerminds.fr'),('candidature_spontanee',17,'ldm','',0,'170'),('candidature_spontanee',17,'name','',0,'test'),('candidature_spontanee',17,'recapcha','',0,'true'),('candidature_spontanee',17,'rgpd','',0,'1'),('candidature_spontanee',17,'surname','',0,'test'),('candidature_spontanee',18,'cv','',0,'172'),('candidature_spontanee',18,'email','',0,'mjolivet@gingerminds.fr'),('candidature_spontanee',18,'ldm','',0,'174'),('candidature_spontanee',18,'name','',0,'test'),('candidature_spontanee',18,'recapcha','',0,'true'),('candidature_spontanee',18,'rgpd','',0,'1'),('candidature_spontanee',18,'surname','',0,'test'),('candidature_spontanee',19,'cv','',0,'175'),('candidature_spontanee',19,'email','',0,'mjolivet@gingerminds.fr'),('candidature_spontanee',19,'ldm','',0,'176'),('candidature_spontanee',19,'name','',0,'Maxime'),('candidature_spontanee',19,'recapcha','',0,'true'),('candidature_spontanee',19,'rgpd','',0,'1'),('candidature_spontanee',19,'surname','',0,'Jolivet'),('candidature_spontanee',20,'cv','',0,'177'),('candidature_spontanee',20,'email','',0,'mjolivet@gingerminds.fr'),('candidature_spontanee',20,'ldm','',0,'178'),('candidature_spontanee',20,'name','',0,'Maxime'),('candidature_spontanee',20,'recapcha','',0,'true'),('candidature_spontanee',20,'rgpd','',0,'1'),('candidature_spontanee',20,'surname','',0,'Jolivet'),('contact',21,'company','',0,'test'),('contact',21,'email','',0,'lraguin@gingerminds.fr'),('contact',21,'message','',0,'ceci est un test'),('contact',21,'name','',0,'test test'),('contact',21,'recapcha','',0,'true'),('contact',21,'rgpd','',0,'1'),('contact',21,'service','',0,'1'),('contact',21,'tel','',0,'0667661736'),('contact',22,'company','',0,'test'),('contact',22,'email','',0,'lraguin@gingerminds.fr'),('contact',22,'message','',0,'test'),('contact',22,'name','',0,'Louise Raguin'),('contact',22,'recapcha','',0,'true'),('contact',22,'rgpd','',0,'1'),('contact',22,'service','',0,'2'),('contact',22,'tel','',0,'0667661736'),('contact',23,'company','',0,'sefsefsef'),('contact',23,'email','',0,'jmailly@gingerminds.fr'),('contact',23,'message','',0,'fsesefsef'),('contact',23,'name','',0,'sefsef'),('contact',23,'recapcha','',0,'true'),('contact',23,'rgpd','',0,'1'),('contact',23,'service','',0,'2'),('contact',23,'tel','',0,'0606060606'),('contact',24,'company','',0,'sefsefsef'),('contact',24,'email','',0,'jmailly@gingerminds.fr'),('contact',24,'message','',0,'fsesefsef'),('contact',24,'name','',0,'sefsef'),('contact',24,'recapcha','',0,'true'),('contact',24,'rgpd','',0,'1'),('contact',24,'service','',0,'2'),('contact',24,'tel','',0,'0606060606'),('contact',25,'company','',0,'sefsefsef'),('contact',25,'email','',0,'jmailly@gingerminds.fr'),('contact',25,'message','',0,'fsesefsef'),('contact',25,'name','',0,'sefsef'),('contact',25,'recapcha','',0,'true'),('contact',25,'rgpd','',0,'1'),('contact',25,'service','',0,'2'),('contact',25,'tel','',0,'0606060606'),('contact',26,'company','',0,'qzddqz'),('contact',26,'email','',0,'jmailly@gingerminds.fr'),('contact',26,'message','',0,'qzdqzd'),('contact',26,'name','',0,'qzdqzd'),('contact',26,'recapcha','',0,'true'),('contact',26,'rgpd','',0,'1'),('contact',26,'service','',0,'3'),('contact',26,'tel','',0,'0606060606'),('contact',27,'company','',0,'qzddqz'),('contact',27,'email','',0,'jmailly@gingerminds.fr'),('contact',27,'message','',0,'qzdqzd'),('contact',27,'name','',0,'qzdqzd'),('contact',27,'recapcha','',0,'true'),('contact',27,'rgpd','',0,'1'),('contact',27,'service','',0,'3'),('contact',27,'tel','',0,'0606060606'),('contact',28,'company','',0,'test'),('contact',28,'email','',0,'lraguin@gingerminds.fr'),('contact',28,'message','',0,'test'),('contact',28,'name','',0,'Louise Raguin'),('contact',28,'recapcha','',0,'true'),('contact',28,'rgpd','',0,'1'),('contact',28,'service','',0,'1'),('contact',28,'tel','',0,'0667661736'),('contact',29,'company','',0,'jygj'),('contact',29,'email','',0,'jmailly@gingerminds.fr'),('contact',29,'message','',0,'fthfth'),('contact',29,'name','',0,'fttfhtfth'),('contact',29,'recapcha','',0,'true'),('contact',29,'rgpd','',0,'1'),('contact',29,'service','',0,'4'),('contact',29,'tel','',0,'0606060606'),('contact',30,'company','',0,'test'),('contact',30,'email','',0,'lraguin@gingerminds.fr'),('contact',30,'message','',0,'test'),('contact',30,'name','',0,'test test'),('contact',30,'recapcha','',0,'true'),('contact',30,'rgpd','',0,'1'),('contact',30,'service','',0,'1'),('contact',30,'tel','',0,'0667661736'),('contact',31,'company','',0,'bgfbgfbgf'),('contact',31,'email','',0,'jmailly@gingerminds.fr'),('contact',31,'message','',0,'thhf'),('contact',31,'name','',0,'gfbgfbgf'),('contact',31,'recapcha','',0,'true'),('contact',31,'rgpd','',0,'1'),('contact',31,'service','',0,'5'),('contact',31,'tel','',0,'0606060606'),('contact',32,'company','',0,'bgfbgfbgf'),('contact',32,'email','',0,'jmailly@gingerminds.fr'),('contact',32,'message','',0,'thhf'),('contact',32,'name','',0,'gfbgfbgf'),('contact',32,'recapcha','',0,'true'),('contact',32,'rgpd','',0,'1'),('contact',32,'service','',0,'5'),('contact',32,'tel','',0,'0606060606'),('contact',33,'company','',0,'test'),('contact',33,'email','',0,'lraguin@gingerminds.fr'),('contact',33,'message','',0,'ddzAZ'),('contact',33,'name','',0,'test test'),('contact',33,'recapcha','',0,'true'),('contact',33,'rgpd','',0,'1'),('contact',33,'service','',0,'1'),('contact',33,'tel','',0,'0667661736'),('candidature_spontanee',34,'cv','',0,'191'),('candidature_spontanee',34,'email','',0,'louise.raguin@live.fr'),('candidature_spontanee',34,'ldm','',0,'192'),('candidature_spontanee',34,'name','',0,'Louise'),('candidature_spontanee',34,'recapcha','',0,'true'),('candidature_spontanee',34,'rgpd','',0,'1'),('candidature_spontanee',34,'surname','',0,'Raguin'),('candidature_spontanee',35,'cv','',0,'193'),('candidature_spontanee',35,'email','',0,'lraguin@gingerminds.fr'),('candidature_spontanee',35,'ldm','',0,'194'),('candidature_spontanee',35,'name','',0,'test'),('candidature_spontanee',35,'recapcha','',0,'true'),('candidature_spontanee',35,'rgpd','',0,'1'),('candidature_spontanee',35,'surname','',0,'test'),('candidature_spontanee',36,'cv','',0,'195'),('candidature_spontanee',36,'email','',0,'louise.raguin@live.fr'),('candidature_spontanee',36,'ldm','',0,'196'),('candidature_spontanee',36,'name','',0,'Louise'),('candidature_spontanee',36,'recapcha','',0,'true'),('candidature_spontanee',36,'rgpd','',0,'1'),('candidature_spontanee',36,'surname','',0,'Raguin'),('candidature_spontanee',37,'cv','',0,'203'),('candidature_spontanee',37,'email','',0,'mjolivet@gingerminds.fr'),('candidature_spontanee',37,'ldm','',0,'204'),('candidature_spontanee',37,'name','',0,'Maxime'),('candidature_spontanee',37,'recapcha','',0,'true'),('candidature_spontanee',37,'rgpd','',0,'1'),('candidature_spontanee',37,'surname','',0,'Gingerminds'),('candidature_spontanee',38,'cv','',0,'205'),('candidature_spontanee',38,'email','',0,'mjolivet@gingerminds.fr'),('candidature_spontanee',38,'ldm','',0,'206'),('candidature_spontanee',38,'name','',0,'Maxime'),('candidature_spontanee',38,'recapcha','',0,'true'),('candidature_spontanee',38,'rgpd','',0,'1'),('candidature_spontanee',38,'surname','',0,'Gingerminds'),('candidature_spontanee',39,'cv','',0,'235'),('candidature_spontanee',39,'email','',0,'mjolivet@gingerminds.fr'),('candidature_spontanee',39,'ldm','',0,'236'),('candidature_spontanee',39,'name','',0,'Test du formulaire'),('candidature_spontanee',39,'recapcha','',0,'true'),('candidature_spontanee',39,'rgpd','',0,'1'),('candidature_spontanee',39,'surname','',0,'Gingerminds'),('candidature_spontanee',39,'title_joboffer','',0,'Responsable qualité'),('candidature_spontanee',40,'cv','',0,'239'),('candidature_spontanee',40,'email','',0,'maximejolivet.pro@gmail.com'),('candidature_spontanee',40,'ldm','',0,''),('candidature_spontanee',40,'name','',0,'Maxime'),('candidature_spontanee',40,'recapcha','',0,'true'),('candidature_spontanee',40,'rgpd','',0,'1'),('candidature_spontanee',40,'surname','',0,'Jolivet'),('candidature_spontanee',40,'title_joboffer','',0,'Responsable qualité'),('candidature_spontanee',41,'cv','',0,'240'),('candidature_spontanee',41,'email','',0,'maximejolivet.pro@gmail.com'),('candidature_spontanee',41,'ldm','',0,''),('candidature_spontanee',41,'name','',0,'Maxime'),('candidature_spontanee',41,'recapcha','',0,'true'),('candidature_spontanee',41,'rgpd','',0,'1'),('candidature_spontanee',41,'surname','',0,'Jolivet'),('candidature_spontanee',41,'title_joboffer','',0,'Responsable qualité'),('candidature_spontanee',42,'cv','',0,'243'),('candidature_spontanee',42,'email','',0,'mjolivet@gingerminds.fr'),('candidature_spontanee',42,'ldm','',0,''),('candidature_spontanee',42,'name','',0,'Maxime'),('candidature_spontanee',42,'recapcha','',0,'true'),('candidature_spontanee',42,'rgpd','',0,'1'),('candidature_spontanee',42,'surname','',0,'Jolivet'),('candidature_spontanee',42,'title_joboffer','',0,'Responsable qualité'),('candidature_spontanee',43,'cv','',0,'244'),('candidature_spontanee',43,'email','',0,'mjolivet@gingerminds.fr'),('candidature_spontanee',43,'ldm','',0,''),('candidature_spontanee',43,'name','',0,'Maxime'),('candidature_spontanee',43,'recapcha','',0,'true'),('candidature_spontanee',43,'rgpd','',0,'1'),('candidature_spontanee',43,'surname','',0,'Jolivet'),('candidature_spontanee',43,'title_joboffer','',0,'Responsable qualité'),('candidature_spontanee',44,'cv','',0,'245'),('candidature_spontanee',44,'email','',0,'mjolivet@gingerminds.fr'),('candidature_spontanee',44,'ldm','',0,''),('candidature_spontanee',44,'name','',0,'Maxime'),('candidature_spontanee',44,'recapcha','',0,'true'),('candidature_spontanee',44,'rgpd','',0,'1'),('candidature_spontanee',44,'surname','',0,'Jolivet'),('candidature_spontanee',44,'title_joboffer','',0,'Responsable qualité'),('candidature_spontanee',45,'cv','',0,'249'),('candidature_spontanee',45,'email','',0,'mjolivet@gingerminds.fr'),('candidature_spontanee',45,'ldm','',0,''),('candidature_spontanee',45,'name','',0,'Maxime'),('candidature_spontanee',45,'recapcha','',0,'true'),('candidature_spontanee',45,'rgpd','',0,'1'),('candidature_spontanee',45,'surname','',0,'Jolivet'),('candidature_spontanee',45,'title_joboffer','',0,'Responsable qualité'),('candidature_spontanee',46,'cv','',0,'250'),('candidature_spontanee',46,'email','',0,'mjolivet@gingerminds.fr'),('candidature_spontanee',46,'ldm','',0,''),('candidature_spontanee',46,'name','',0,'Maxime'),('candidature_spontanee',46,'recapcha','',0,'true'),('candidature_spontanee',46,'rgpd','',0,'1'),('candidature_spontanee',46,'surname','',0,'Jolivet'),('candidature_spontanee',46,'title_joboffer','',0,'Responsable qualité'),('contact',47,'company','',0,'Gingerminds'),('contact',47,'email','',0,'mjolivet@gingerminds.fr'),('contact',47,'message','',0,'Test de Gingerminds'),('contact',47,'name','',0,'Jolivet'),('contact',47,'recapcha','',0,'true'),('contact',47,'rgpd','',0,'1'),('contact',47,'service','',0,'1'),('contact',47,'tel','',0,'0200000000'),('contact',48,'company','',0,'Gingerminds'),('contact',48,'email','',0,'mjolivet@gingerminds.fr'),('contact',48,'message','',0,'Test'),('contact',48,'name','',0,'Maxime Jolivet'),('contact',48,'recapcha','',0,'true'),('contact',48,'rgpd','',0,'1'),('contact',48,'service','',0,'1'),('contact',48,'tel','',0,'0200000000'),('candidature_spontanee',49,'cv','',0,'607'),('candidature_spontanee',49,'email','',0,'sjallu@capremib.fr'),('candidature_spontanee',49,'ldm','',0,'608'),('candidature_spontanee',49,'name','',0,'STEPHANIE'),('candidature_spontanee',49,'recapcha','',0,'true'),('candidature_spontanee',49,'rgpd','',0,'1'),('candidature_spontanee',49,'surname','',0,'JALLU'),('candidature_spontanee',49,'title_joboffer','',0,'Candidature spontanée'),('contact',50,'company','',0,'JALLU'),('contact',50,'email','',0,'sjallu@capremib.fr'),('contact',50,'message','',0,';!;d!;d!v;!d;!v;d!v;!ds;v'),('contact',50,'name','',0,'JALLU'),('contact',50,'recapcha','',0,'true'),('contact',50,'rgpd','',0,'1'),('contact',50,'service','',0,'3'),('contact',50,'tel','',0,'0326484700');


